reds digit of r?
4
Suppose 0 = 4*r + 5*y - 42773, -125*y = -124*y + 7. What is the hundreds digit of r?
7
Suppose 0 = -0*h - h - 16. Let d(y) be the third derivative of -y**4/8 + 6*y**3 + 3*y**2 + 31. What is the tens digit of d(h)?
8
Let f(g) = -1. Let t(x) = 37*x - 7. Let c(m) = 2*f(m) - t(m). Let v be c(-5). Suppose 456 = 2*h - j, -5*h + 950 + v = -4*j. What is the tens digit of h?
2
Suppose 183*y - 188*y + 7145 = 0. Suppose -y - 2979 = -19*d. What is the tens digit of d?
3
Let j be (28*1)/(44/110). Let d(k) = j*k + 115*k**2 - 75*k + 8 - 3. What is the tens digit of d(1)?
1
Let h(u) = 730*u - 874. What is the hundreds digit of h(7)?
2
Let g be ((-3)/(-12))/(1/20). Let m = -367 + 370. Suppose 440 = m*t + 4*w, -4*t + g*w + 526 + 102 = 0. What is the units digit of t?
2
Suppose 45 = 14*t + 17. Suppose -4*g = t*c - 1952, -g + 397 = -4*c - 100. What is the hundreds digit of g?
4
Let l(d) = 6*d**2 + 7*d - 1. Let y(x) = -x**3 + 3*x**2 + 2*x + 3. Let q be y(4). Let u be ((-10)/4)/q*(9 + 1). What is the tens digit of l(u)?
8
Let o = 235 + -236. What is the units digit of o/((-4)/6) - 1217/(-2)?
0
Suppose -3*g + 699 + 6486 = 0. Suppose 35*l + g = 40*l - o, 2*l + 3*o - 958 = 0. What is the units digit of l?
9
Suppose 31*h - 16*h - 130030 = 3740. What is the tens digit of h?
1
Let y(d) = -116*d**3 + 3*d**2 + 4*d + 14. What is the hundreds digit of y(-4)?
4
Suppose -18*v = -14*v - 828. Suppose 5*u = 20, -4*u + v = 5*a - 6*u. Let i = a - -83. What is the hundreds digit of i?
1
What is the thousands digit of (-5)/1 - 102*1494/(-27)?
5
Let x(a) = 12*a + 3. Let j(q) = -18*q - 4. Let z(c) = -5*j(c) - 8*x(c). Let m be z(-1). What is the units digit of (m/5*1)/(8/240)?
2
Suppose -34774 = -18*q - 21596 + 39184. What is the thousands digit of q?
2
Let a(t) = 855*t**3 + t**2 + 2*t - 1. Let n(i) = -6*i - 53. Let q be n(-9). What is the hundreds digit of a(q)?
8
Let b(u) = 3*u**2 + 2*u. Suppose 0*l + 3*l + 15 = 2*n, 9 = -5*l - 2*n. Let q be b(l). Let y = q - 4. What is the tens digit of y?
1
Suppose -3*d + 134023 = -5*k + 17681, -5*k = -d + 38754. What is the ten thousands digit of d?
3
Suppose -37*j - 253 = -14*j. Let z(n) = -2*n**3 - 11*n**2 + 11*n + 23. What is the thousands digit of z(j)?
1
Suppose d - 3400 - 2402 = 3*t, 0 = 3*t + 6. What is the tens digit of d?
9
Let s = -157 + 287. Suppose 1110 = 8*c - s. Let j = c + -93. What is the units digit of j?
2
What is the units digit of -6 + 4 + -3 + 10136/8?
2
Suppose 0 = 2*b + 5*w - 39, 2*b + 2*b + 5*w - 53 = 0. Suppose 8*q - 146 = b*q. What is the units digit of q?
6
Suppose -11 = -8*o + 13. Suppose -o*m = -4*r + 5*r - 3169, 5*m = 5*r + 5315. What is the units digit of m?
8
Let y = 281 - 301. What is the tens digit of (464/y)/((-9)/90)?
3
Suppose -14*g + 4577 + 7127 = 0. Suppose -29*t + 6433 = g. What is the tens digit of t?
9
Suppose 219*n - 7701115 = 246176. What is the ten thousands digit of n?
3
Let v(p) = 6130*p - 538. What is the units digit of v(3)?
2
Let c = 8854 + -3240. Suppose c = 23*f - 15247. What is the units digit of f?
7
Suppose -59*s - 154339 = 27*s - 634649. What is the units digit of s?
5
Suppose -16*o + 3 = -15*o. Suppose o*p - 586 = -m, 3*m = -3*p - 2*p + 982. What is the tens digit of p?
9
Let q(d) = 111*d**2 - d + 1. Let k be q(-1). Suppose 4*j + k - 305 = 0. Let g = 123 - j. What is the tens digit of g?
7
Let u = 112 + -110. Suppose -u*m + 26*m = 10656. What is the units digit of m?
4
Let n = 3249 - 222. What is the tens digit of n?
2
Let s(i) = -6*i + 19. Let r be s(1). Suppose -7*d - 3120 = -r*d. What is the tens digit of d?
2
Suppose -12*z - 32878 = -14*z - 4*o, -82131 = -5*z - 2*o. What is the hundreds digit of z?
4
Suppose 5*g + p - 5 = 0, -25*p + 23*p + 10 = -g. Let c = -51 - -91. Suppose g*t + c = 2*t. What is the units digit of t?
0
Suppose 5*i + 61*d - 3330 = 56*d, -d - 2639 = -4*i. Let r = i - -1097. What is the hundreds digit of r?
7
Let f(d) = -5*d - 95. Let h be f(-20). Suppose 0 = 5*o + h*r - 937 - 918, 3*o + 5*r - 1119 = 0. What is the units digit of o?
8
Let o = 1229 + 4610. What is the units digit of o?
9
Let y(b) be the first derivative of 2*b**4/3 + b**3/2 + b**2 - 20*b - 7. Let k(r) be the first derivative of y(r). What is the units digit of k(3)?
3
Let j(d) = -d - 8. Let r be j(-8). Suppose -9*y + 2*y + 336 = r. Let q = y + 182. What is the units digit of q?
0
Let c be 2 - -1 - -3 - 2. Suppose 0 = -5*f + 21 + c. Suppose a - 117 = -p - 26, f*a = -4*p + 452. What is the tens digit of a?
8
Suppose 15 = -4*b + 5*b. Suppose -b = -r + 2*i, 2*r - 4*r + 31 = -5*i. Suppose 2*s = r + 81. What is the tens digit of s?
4
Let j be (-57)/(-21) + (-4)/(-14). Suppose 2*w = w. Suppose w = 2*g + j*k + 15 - 209, 0 = 5*g - 5*k - 535. What is the hundreds digit of g?
1
Suppose n = 12*m - 13*m + 5340, 0 = 3*m - 5*n - 16044. What is the thousands digit of m?
5
Suppose 3*d - 4 = s, 3*s - 3*d = s - 2. Suppose -s*u - 13 = -5. Let o(n) = -9*n. What is the units digit of o(u)?
6
Let l(n) = 1168*n + 240. What is the thousands digit of l(6)?
7
Let b be -5 - 25/(-10) - 25/10. Let z(q) be the first derivative of -q**4/4 - q**3 - 7*q**2/2 - 6*q - 2. What is the units digit of z(b)?
9
Suppose 3*i + 11 = -34. Let s(l) = l**2 + 13*l - 37. Let y be s(i). Let u = 44 + y. What is the units digit of u?
7
Suppose 9*h - 2649 = 25638. What is the thousands digit of h?
3
Suppose -25*w = -35*w. Suppose 4*b + 4*b - 4856 = w. What is the hundreds digit of b?
6
Let p(v) = 1038*v**3 + 4*v**2 - 2*v + 1. Suppose x + 19 = -5*j, -x + 16*j + 5 = 15*j. What is the units digit of p(x)?
1
Let w be 478/(-6) + (-2)/6. Let z(q) = -q**3 + 11*q**2 + 16*q + 32. Let x be z(11). Let a = x + w. What is the hundreds digit of a?
1
Let j(d) = -4*d**3 + d**2 - 2. Let i be j(-2). Let g = i - 17. Let b = g - -129. What is the hundreds digit of b?
1
Suppose -3*k + 73947 = 3*s, 104657 = 7*k + 3*s - 67910. What is the ten thousands digit of k?
2
What is the units digit of 585/135 - (-21190)/6?
6
Let w(n) = 13 - 31*n**2 + 6*n + 26*n**2 + 6*n**2. What is the hundreds digit of w(10)?
1
Let y = 3182 - 4802. Let x = 2718 + y. What is the hundreds digit of x?
0
Let y(a) = 5*a**2 + 4*a + 6. Let d be y(-3). Suppose -d = 13*z + 78. Let f(n) = -9*n - 8. What is the units digit of f(z)?
3
Let z = 58 + -54. Suppose -4*u - z*a = -484, 3*u + 2*a - 393 = 5*a. Let l = u - 45. What is the tens digit of l?
8
Let a = 527 - 161. Let c = 942 - a. What is the units digit of c?
6
Suppose -3*u - 8454 = 2*t, -3*u + t = -2*t + 8439. Let d = u + 4129. What is the units digit of d?
3
Let q(x) = x**2 - 2. Let s be q(0). Let j be -27*(-5)/15*2*s. Let z = 47 - j. What is the tens digit of z?
8
Let r(d) = 4*d**2 - 22*d + 13. Let f be r(15). Let v = 972 - f. Let q = v - 270. What is the tens digit of q?
1
Let f = -622 - -633. Suppose 0 = f*g - 12*g + 954. What is the tens digit of g?
5
Let u = -50821 - -96173. What is the units digit of u?
2
Let w = -2383 + 3980. What is the units digit of w?
7
Let t be (-9 - (-250)/16) + 3/8. Suppose -2*u = -t*u + 2465. What is the units digit of u?
3
Suppose 0 = 4*f + 3*w + 18340, 7*f + 9168 = 5*f - 2*w. What is the thousands digit of -2*(2 + f/(-8))*-1?
1
Let c = -987 + 1481. Suppose -x = -c + 286. What is the units digit of x?
8
Let h = -160 + 2039. What is the units digit of h?
9
Let a(u) = 15*u**2 + 10*u - 41. What is the units digit of a(15)?
4
Let k be ((-19)/(-38))/((-2)/48). What is the tens digit of (2 + 222/k)*-22?
6
Let s(u) = -2*u + 1 + 7*u**2 + u**3 - 4 + 6*u - u. Let c(r) = -9*r + 33. Let k be c(4). What is the units digit of s(k)?
4
Let u(p) = 180*p - 1300. What is the hundreds digit of u(62)?
8
Suppose 3*p - 10969 = -3*a + 4*a, -4*a = -4*p + 14644. What is the units digit of p?
4
Suppose 46*q = 39*q - 1015. What is the tens digit of q*(-5)/25*1?
2
Suppose 4*o + 5*w = 36, 0 = 2*o - 7*o + 3*w + 8. Suppose l + o*y - 3*y = 39, -150 = -4*l - 2*y. What is the tens digit of l?
3
What is the tens digit of 30963 + (3 + -3 - (-40 + 47))?
5
Suppose -5*x - 5*a + 43410 = 0, -3*x - 3*a - 17379 = -5*x. What is the tens digit of x?
8
Let y be 26/(-4) - (-22)/44. What is the tens digit of 0 + 5 + y/3 - -383?
8
Let k(c) = -82*c**3 - 7*c**2 - 60*c - 365. What is the tens digit of k(-6)?
5
Let o(s) = -6 - 27*s**3 - s**2 + 0*s**2 - 3*s**2 -